 s be -26*2/o*5. Let x = s + 29. What is the highest common factor of x and 9?
9
Let x(p) = 86*p**2. Let d be x(-1). Suppose -5*i = -d - 19. Calculate the highest common divisor of 105 and i.
21
Let i = -671 - -943. What is the highest common divisor of i and 34?
34
Let l(i) = i**2 + i - 2. Let g be l(-4). Suppose -43*b + 42*b = -h, 0 = 3*b + 4*h - 28. What is the highest common factor of g and b?
2
Let n = 441 + -633. Let y = n - -342. Calculate the highest common divisor of 100 and y.
50
Let z(h) = 2*h - 12. Let t be z(-7). Let r = -15 - t. Calculate the greatest common divisor of 44 and r.
11
Suppose 18 = a - 30. Suppose -45*x = -a*x + 69. What is the greatest common divisor of 69 and x?
23
Suppose -73*l = -36*l - 24346. Calculate the greatest common divisor of l and 14.
14
Suppose 54*j + 1769 = 83*j. Calculate the highest common divisor of 4 and j.
1
Suppose 1 + 1 = 2*k. Suppose 8*m + 6 = 3*p + 3*m, -2*p + 5 = -3*m. What is the highest common divisor of k and p?
1
Let b be (-4)/18 - (335/(-9) - 5). What is the highest common divisor of 140 and b?
14
Let p be (-7)/(-2)*(-16)/(-28). Suppose 2*o - p*z = 7*o, -4*z - 26 = -3*o. What is the greatest common divisor of 18 and o?
2
Suppose -5*j - 37 = -4*z - 10, 2*z - 3*j - 15 = 0. Suppose -u + 1 = -z*g + 125, 2*g + 4*u = 64. Calculate the greatest common factor of g and 8.
8
Suppose p = -12 + 15. Let c(n) = n**3 + 6*n**2 - 1. Let s be 1/3 + 64/(-12). Let v be c(s). Calculate the greatest common factor of v and p.
3
Let i = 523 - 399. What is the highest common factor of i and 31?
31
Suppose w - 261 - 209 = 0. Suppose 5*c = -5*u + w, -5*c - 12 = -2*c. What is the greatest common divisor of 14 and u?
14
Let y be 539/2 - 5*1/(-10). What is the greatest common factor of 60 and y?
30
Suppose 0 = 20*z - 72 - 728. What is the greatest common divisor of 64 and z?
8
Let r be 8/(-36) - (1988/9)/(-4). Suppose -3*x + 8*x - r = 0. What is the highest common factor of 11 and x?
11
Let i = -52 + 52. Let y be i - (282/(-24) + (-2)/8). What is the highest common factor of y and 132?
12
Suppose h = 9 - 2. Let y = h - 6. Calculate the highest common divisor of y and 11.
1
Let l = 24 - 30. Let h be l*2/6*-44. Calculate the highest common divisor of 11 and h.
11
Let n(q) = q**3 + 9*q**2 - 26*q - 15. Let v be ((-33)/(-6))/(((-3)/2)/3). Let y be n(v). What is the highest common divisor of 203 and y?
29
Suppose -3*c = -2*c + 48. Let j = c - -85. Calculate the highest common factor of 185 and j.
37
Let q(t) = -93*t - 383. Let o be q(-27). What is the greatest common factor of o and 28?
28
Suppose 4*x - 2*m = 454, -4*x - m - 63 + 502 = 0. What is the greatest common divisor of 15 and x?
3
Suppose 17*b - 4*b - 1105 = 0. Calculate the highest common divisor of 51 and b.
17
Suppose 0 = -3*d + 4*i + 63, 0*d + 40 = 2*d - 2*i. Let z = 0 + 4. Suppose -z*h + 9*h - 255 = 0. Calculate the greatest common divisor of h and d.
17
Let b(w) = 1289*w + 7. Let h be b(1). Calculate the highest common factor of h and 27.
27
Let y = -242 - -347. Suppose -d + y = 53. Calculate the highest common divisor of d and 13.
13
Let r(v) = -2*v**2 + v + 2. Let z be r(3). Let a = -461 + 466. Let l be z/(a/15*-3). What is the highest common divisor of 13 and l?
13
Suppose 5*m + 16 = 3*m - 4*o, 2*m - 4*o = 24. Let u be 62 - (m - -1) - 3. What is the highest common factor of u and 14?
14
Let v be 7 + (-87)/15 + 7/(-35). Calculate the highest common factor of v and 32.
1
Suppose 0 = -16*o + 17*o - 3. Suppose -4*m = 3*p - 6 - 170, 3*m + o = 0. What is the greatest common divisor of 20 and p?
20
Let j(p) = 83*p**3 - p**2 - 3*p + 3. Let w be j(1). Let b = w + 26. What is the greatest common divisor of 12 and b?
12
Let y = -1280 - -1530. What is the greatest common divisor of 10 and y?
10
Let n(d) = d**2 + d + 1. Let j(x) = -3*x**2 - 9*x - 1. Let k(u) = -j(u) - 4*n(u). Let f be k(4). What is the greatest common divisor of f and 7?
1
Let p be (7 - -111)*1/2. What is the highest common factor of 236 and p?
59
Suppose 0*j = 3*j - 474. Let m = 233 - j. Suppose 12*t - m = 11*t. What is the greatest common factor of 15 and t?
15
Let o(n) = 24*n**2 - n. Let x be o(1). Suppose -3*a + 43 = -164. What is the greatest common divisor of a and x?
23
Let l(y) = -8*y - 46. Let u be l(-26). Suppose -u = -3*m + 3*v, -v + 45 = 5*m - 219. What is the greatest common divisor of 212 and m?
53
Let d = 234 - 204. Calculate the greatest common factor of d and 15.
15
Let n be 140/(-30)*(-6)/4. Suppose 3*s = n*s - 80. What is the greatest common divisor of 220 and s?
20
Let i be 165/10*(-10)/(-15). What is the highest common divisor of 209 and i?
11
Let u = 58 - 14. Suppose -7*m + 354 + 416 = 0. Calculate the highest common factor of u and m.
22
Let s = -17 - -21. Let g = 44 - s. Let j be g/3 + 6/(-18). What is the greatest common divisor of 13 and j?
13
Let o be -687*(-70)/60*6. Calculate the greatest common divisor of o and 21.
21
Let a be 21/(-14) - 255/(-30). What is the greatest common factor of 7 and a?
7
Let w be 26/4*2 - -2. Let m be 6/27 - 129/(-27). Suppose m*v + 110 - 410 = 0. What is the highest common divisor of v and w?
15
Suppose n - 6*n + 15 = 0. Suppose -v - 2*d + 4*d + 36 = 0, -4*v - n*d + 122 = 0. Calculate the highest common divisor of v and 8.
8
Let w = 159 + 266. What is the greatest common factor of w and 17?
17
Let n be (1488/(-10))/6*(-360)/48. Calculate the highest common factor of 434 and n.
62
Suppose 5*s - 30 = 2*s. Suppose 3*r - s = r. Suppose 0 = -r*c + 716 + 219. What is the highest common factor of c and 17?
17
Suppose 2*y - 4*t = 3*y - 72, -3*y = 2*t - 216. Suppose -5*a - 91 = -4*p, -3*p + 21 = -3*a - 48. What is the highest common divisor of y and p?
24
Suppose -z - 3*h + 7 + 10 = 0, -4*h = z - 19. Calculate the highest common divisor of 209 and z.
11
Suppose 22 + 1 = k. Let q be 3 - 4/((-12)/885). Let f = q + -183. What is the greatest common factor of f and k?
23
Let q = -3086 - -3758. What is the highest common divisor of q and 480?
96
Suppose 2*v - 3*v + 61 = 5*w, -v - 3*w = -51. Suppose -2*c + c = -v. Calculate the highest common divisor of 90 and c.
18
Suppose -44*a = -3473 - 13115. What is the highest common divisor of a and 29?
29
Suppose -19*k + 3935 = -14*k - 3*x, -4*x + 3116 = 4*k. Calculate the greatest common factor of 294 and k.
98
Suppose 20*g + 6 = 22*g. Suppose 0 = g*u - 28 + 25. What is the highest common factor of u and 5?
1
Let n(l) = l**2 + 10*l + 10. Let v be n(-8). Let s be -1 - (-1 + v - 0). Calculate the greatest common divisor of s and 3.
3
Suppose 2*t = 4*t + 5*b - 60, -4*t = -5*b - 120. What is the greatest common divisor of t and 195?
15
Let x be (9/2)/((-1)/(-4)). Suppose -4*z + 2*d = 7*d - 566, -4*z = -4*d - 584. Calculate the greatest common divisor of x and z.
18
Let k(q) = -4*q**3 - 2*q**2 - 19*q - 41. Let t be k(-2). Calculate the greatest common factor of t and 49.
7
Let b(o) = -18*o - 238. Let s be b(-14). Calculate the highest common factor of 28 and s.
14
Suppose 40 = 4*j + q + 4, 0 = -5*j + 5*q + 45. Calculate the greatest common factor of 27 and j.
9
Let g = -204 - -292. Suppose 111 = 8*q - 65. Calculate the highest common divisor of g and q.
22
Let d be -85*(-2 - -1) - 1. Suppose -6*r + 11*r + 20 = 0. Let a be (-149)/(-7) + r/14. Calculate the highest common divisor of d and a.
21
Let t(a) = a**2 + 31*a - 23. Let v be t(-32). What is the greatest common factor of 3177 and v?
9
Let q = 58 - 56. Suppose 0 = -3*l + j + 475, 4*l - q*j - 625 = j. What is the greatest common factor of 20 and l?
20
Suppose 53 - 4 = g. Let l(w) = w**2 - 8*w + 63. Let x be l(14). Calculate the greatest common factor of x and g.
49
Suppose 0 = -3*u + 2*m - 4, 5*m = 6*m + 1. Let z = 11 + u. Let l = -127 + 145. What is the greatest common factor of l and z?
9
Let k be (-2 - -2) + 0 + 4. Suppose -4*j + 19 = -1, 3*p - k*j = 1096. Suppose -n = 3*n - p. Calculate the highest common divisor of 31 and n.
31
Let m be (-2)/((306/(-27))/17). Let t(j) = -j**2 - 8*j + 5. Let k be t(-4). Calculate the greatest common factor of m and k.
3
Suppose -i + 67 = 5*k, -4*i - 15 = -k - 5*i. Let j = k + 1. What is the highest common factor of j and 42?
14
Let q = -5 + 5. Suppose -3*h = k - 10, q = 2*h - h - 2*k + 6. Suppose -x = -b, 0 = x + x + h*b - 4. Wha